836
Let z(v) = v**3 - 33*v**2 - 1265*v - 1259. Calculate z(56).
29
Let w(n) = -45*n**2 + 32611*n + 10214. What is w(725)?
64
Let z(h) = 2*h**2 - 566*h - 1711. Give z(-3).
5
Let a(w) = w**2 + 79210*w + 9411843. Determine a(-119).
14
Let d(u) = 2*u**2 - 66660*u + 199959. What is d(3)?
-3
Let t(l) = l**2 + 33*l - 4231. Calculate t(-81).
-343
Let h(q) = -401*q + 7307. Calculate h(21).
-1114
Let d(g) = -g**3 + 33*g**2 - 147*g + 3422. Give d(32).
-258
Let p(l) = -l**3 + 9*l**2 - 5*l - 94. What is p(9)?
-139
Let x(b) = 2*b**3 - 12*b**2 - 98*b - 9. Give x(-5).
-69
Let w(j) = j**3 + 249*j**2 + 2675*j + 864610. Give w(-252).
-2
Let g(o) = -9*o**2 + 1263*o - 5069. Determine g(4).
-161
Let w(u) = -26*u**2 - 980*u - 923. Determine w(-37).
-257
Let x(i) = -79*i**3 - 79*i**2 + 116*i - 38. Calculate x(1).
-80
Let s(b) = b**3 + 121*b**2 + 367*b + 43. Calculate s(-3).
4
Let l(d) = -3*d**3 + 581*d**2 + 2935*d - 1. Calculate l(-5).
224
Let b(r) = 5630*r - 91705. Calculate b(16).
-1625
Let p(n) = 2*n**3 - 292*n**2 + 853*n + 656. Determine p(143).
-59
Let w(z) = -3244*z + 87105. Determine w(26).
2761
Let n(a) = 26335*a + 41898991. What is n(-1591)?
6
Let c(n) = 101*n - 4650. Calculate c(53).
703
Let y(p) = -p**2 + 81587*p + 2285227. Give y(-28).
7
Let h(n) = -9*n**3 - 394*n**2 - 293*n + 111. Calculate h(-43).
-233
Let k(c) = -2759*c + 201405. Determine k(73).
-2
Let z(m) = 3*m**3 + 18*m**2 - 6*m - 33. Determine z(-5).
72
Let x(c) = -5*c**2 + 51*c + 935. Calculate x(-14).
-759
Let j(o) = 5*o**3 - 82*o**2 + 9*o + 1. Calculate j(16).
-367
Let o(s) = s**3 + 179*s**2 + 2459*s - 202. Give o(-164).
-38
Let i(z) = -31*z**2 + 2715*z + 3922. Determine i(89).
6
Let c(k) = k**3 - 4*k**2 + 57*k + 1259. Give c(-8).
35
Let a(l) = -11*l**2 + 57*l + 76. What is a(-1)?
8
Let x(c) = -5*c**2 + 1658*c - 9813. Calculate x(6).
-45
Let b(i) = -2*i**3 + 694*i**2 + 13903*i + 1724. Calculate b(366).
-106
Let v(d) = -453*d - 159931. Give v(-353).
-22
Let q(f) = -12*f**2 + 602*f + 74946. Determine q(108).
-6
Let v(w) = -92132*w - 1842629. Determine v(-20).
11
Let b(a) = 3*a**3 - 158*a**2 + 145*a - 1953. Calculate b(52).
179
Let l(u) = 3*u**2 - 12222*u - 85582. What is l(-7)?
119
Let i(a) = -264*a**2 + 62836*a - 947. Calculate i(238).
5
Let c(m) = 243*m**2 - 194881*m - 4024. Calculate c(802).
-14
Let z(m) = -3*m**2 + 332*m + 4070. What is z(122)?
-78
Let i(u) = -2171*u + 4411. What is i(2)?
69
Let d(c) = 198*c + 19136. What is d(-97)?
-70
Let h(b) = 25*b**2 - 738*b + 5302. Give h(17).
-19
Let m(d) = 4*d**2 + 42440*d + 381857. Calculate m(-9).
221
Let s(m) = 11*m**2 - 318*m - 30328. What is s(-40)?
-8
Let h(l) = 262*l + 62663. Give h(-239).
45
Let q(c) = 3918*c + 282049. What is q(-72)?
-47
Let q(r) = -11*r - 1408. Give q(-80).
-528
Let i(b) = b**2 - 146*b - 8656. Calculate i(191).
-61
Let u(l) = -4074*l**2 + 28518*l - 13. Calculate u(7).
-13
Let c(u) = -1974*u + 93066. Give c(48).
-1686
Let t(g) = -75*g - 3061. Calculate t(-30).
-811
Let s(t) = 42*t + 5016. Determine s(-128).
-360
Let q(i) = -23*i**3 + 1857*i**2 + 479*i + 521. What is q(81)?
-46
Let d(i) = 12*i**2 - 261*i - 4758. What is d(-12)?
102
Let c(g) = 3*g**2 + 45*g - 16001. Calculate c(-81).
37
Let r(h) = -h**3 - 190*h**2 - 4399*h + 40. Determine r(-27).
-14
Let f(q) = -q**3 + 12*q**2 - 793*q - 3974. Determine f(-5).
416
Let k(w) = 116*w**2 - 18*w - 9. Give k(-1).
125
Let f(c) = -424*c + 16288. What is f(39)?
-248
Let u(o) = -2*o**2 - 52025*o + 52027. Determine u(1).
0
Let q(w) = 1267*w - 194840. Determine q(154).
278
Let k(l) = l**3 - 507*l**2 + 2839*l + 83668. Give k(501).
1
Let n(h) = 14*h**2 + 642*h - 2670. What is n(-50)?
230
Let u(p) = 295730*p - 2661415. Give u(9).
155
Let g(q) = 5*q**2 - 848*q - 4281. What is g(-5)?
84
Let u(n) = 13*n**3 + 7*n**2 + 47*n - 164. What is u(3)?
391
Let s(q) = -147*q + 17505. What is s(119)?
12
Let m(r) = 7*r**3 + 5*r**2 - 5*r - 17. Determine m(4).
491
Let n(u) = -176*u**3 - 6*u**2 - 3*u - 6. Calculate n(-2).
1384
Let j(z) = 2*z**3 + 28*z**2 - 18*z + 21. Determine j(6).
1353
Let a(c) = -508*c - 76079. Give a(-144).
-2927
Let a(u) = u**3 - 16*u**2 + 65*u - 603. Calculate a(13).
-265
Let l(q) = 4228*q - 12722. Calculate l(3).
-38
Let b(x) = -1401*x**2 + 11211*x - 16. What is b(8)?
8
Let v(q) = 9*q**2 + 1112*q + 32017. What is v(-46)?
-91
Let l(y) = 126332*y + 757826. What is l(-6)?
-166
Let x(n) = -7415*n + 1972426. Calculate x(266).
36
Let i(x) = -x**3 - 544*x**2 - 3436*x - 399386. Determine i(-539).
13
Let h(o) = 4*o**2 + 3091*o + 18411. Calculate h(-6).
9
Let j(y) = 10*y**2 + 4341*y + 9059. Calculate j(-432).
-13
Let c(l) = -147*l + 9208. Give c(62).
94
Let v(n) = 6073*n - 66817. Determine v(11).
-14
Let w(v) = -v**2 - 13*v + 40. Give w(14).
-338
Let z(s) = -2182*s + 4103. What is z(2)?
-261
Let l(i) = 1584491*i + 14260415. Give l(-9).
-4
Let j(l) = -581*l**2 - 15663*l + 637. Calculate j(-27).
-11
Let p(m) = -32201*m - 63516. Determine p(-2).
886
Let s(j) = 22*j - 46. What is s(76)?
1626
Let o(l) = -2*l**3 - 241*l**2 - 1261*l + 439. Calculate o(-115).
-21
Let r(k) = k**3 + 218*k**2 - 4530*k - 6487. Give r(-237).
-88
Let v(n) = -4*n**2 - 222*n - 3880. Give v(-17).
-1262
Let o(b) = -b**3 + 95*b**2 - 2050*b + 12533. Determine o(16).
-43
Let c(m) = 2*m**3 - 193*m**2 + 1418*m - 62. Determine c(8).
-46
Let q(t) = 36168*t + 180844. Give q(-5).
4
Let f(h) = 458*h**2 + 242*h - 242. Calculate f(1).
458
Let o(p) = -174*p**2 + 4756*p - 1571. What is o(27)?
-5
Let n(z) = -1184*z - 34326. What is n(-27)?
-2358
Let y(q) = q**3 - 24*q**2 - 136*q + 1842. Calculate y(26).
-342
Let q(n) = -30*n - 4055. Calculate q(-141).
175
Let g(q) = 12*q**2 - 576*q - 30746. Calculate g(80).
-26
Let w(z) = -46*z**2 - 87*z + 153. Give w(3).
-522
Let y(g) = 2*g**3 + 18*g**2 + 9*g + 126. What is y(-11)?
-457
Let k(d) = -125*d**2 - 905*d - 1397. Give k(-5).
3
Let x(n) = n**2 - 15350*n + 398434. Determine x(26).
10
Let u(l) = l**2 + 6201*l - 907024. What is u(143)?
168
Let o(a) = 16*a + 1819. Determine o(-102).
187
Let g(x) = x**3 - 162*x**2 + 1274*x + 59. What is g(8)?
395
Let k(o) = -18537*o - 18549. What is k(-1)?
-12
Let u(n) = 36*n**2 - 41*n + 162. Determine u(3).
363
Let l(r) = 2879*r - 662605. Give l(230).
-435
Let w(o) = -2*o**3 + 109*o**2 + 24394*o - 119. Calculate w(141).
22
Let t(n) = -338617*n + 3047560. Calculate t(9).
7
Let q(n) = n**3 + 7*n**2 + 99*n + 539. What is q(-6)?
-19
Let h(w) = -w**2 - 1727*w + 36719. Give h(21).
11
Let h(t) = t**3 + 165*t**2 + 5813*t + 64. Give h(-114).
178
Let n(q) = q**3 + 309*q**2 + 18170*q - 6. What is n(-230)?
-6
Let t(z) = -479*z**2 + 211244*z - 2206. Give t(441).
-1
Let j(i) = -20008*i - 59628. What is j(-3)?
396
Let b(m) = -78144*m + 781473. Give b(10).
33
Let m(n) = -546*n**3 + 2*n**2 - 545*n + 543. Determine m(1).
-546
Let p(g) = 294*g - 78777. What is p(268)?
15
Let x(o) = -o**3 + 625*o**2 - 571*o - 1344. What is x(2)?
6
Let j(m) = 13*m**3 - 171*m**2 - 69*m + 1248. Determine j(13).
13
Let p(a) = 202*a**2 - 2403*a + 25. Give p(12).
277
Let o(x) = -2*x**2 - 527*x + 8042. Determine o(15).
-313
Let o(u) = -19*u**2 + 1283*u - 20404. Give o(42).
-34
Let g(y) = -156733*y + 156665. Give g(1).
-68
Let i(t) = 39*t**2 + 414*t + 991. What is i(-7)?
4
Let z(g) = -2*g**3 + 7*g**2 - 9*g + 70. Calculate z(8).
-578
Let o(b) = 391*b**2 + 7927*b + 35. Calculate o(-20).
-2105
Let p(s) = -3*s**3 + 43*s**2 - 1078*s + 14847. Give p(14).
-49
Let n(r) = -r**3 + 32*r**2 + 4022*r - 76804. Determine n(18).
128
Let k(h) = -2908*h - 421656. Calculate k(-145).
4
Let g(j) = -j**3 + 18*j**2 + 91*j - 1288. What is g(19)?
80
Let o(a) = -a**3 + 5*a**2 - 810*a + 5785. Determine o(7).
17
Let g(k) = 4*k**3 + 280*k**2 + 14*k + 918. Give g(-70).
-62
Let y(a) = -2*a**3 - 35*a**2 + 75*a - 59. Determine y(-16).
-2027
Let q(f) = 6*f**3 - 4027*f**2 + 4374*f - 348. Calculate q(1).
5
Let t(d) = -2*d**2 - 70335*d - 11341785. Determine t(-162).
-3
Let t(o) = o**3 - 7*o**2 + 3825*o - 31. Determine t(0).
-31
Let c(i) = -i**3 - 651*i**2 - 10165*i - 3235. Give c(-635).
-60
Let a(v) = 3*v**3 - 12*v**2 + 533*v - 1014. Give a(2).
28
Let n(c) = -444*c**2 - 2064*c + 767. Give n(-5).
-13
Let q(v) = -v**2 - 855*v - 59214. Give q(-76).
-10
Let t(c) = -6*c**3 - 6*c**2 + 13*c + 13. Give t(3).
-164
Let i(u) = u**2 + 88796*u - 5598115. Calculat